+ (6 - 27))?
1
What is the value of -1 + 2 - (5 - (-2 + 0 + 2))?
-4
What is 4 + -1 + 39 + -75?
-33
What is 12 + (-6 - -10 - 9) - (3 + 18)?
-14
What is -7 + 3 + 0 + -6 - 1?
-11
What is -69 + (-57 - -18 - -72)?
-36
Evaluate 12 + -25 - (-4 - (4 + -4 + 3)).
-6
Evaluate (11 - (4 - (-15 - -12))) + (0 - 2).
2
What is 10 - ((7 - -3) + -26 + -1 + 11)?
16
22 + -9 - (32 + -2 + -17)
0
Evaluate (-13 - (1 - -1)) + 314 + -305.
-6
Evaluate 3 + (4 - 17) + 2 + 20.
12
Evaluate -18 + 29 - 16 - (-3 + 0 + 2).
-4
(-42 - (-20 + 21)) + 14
-29
Evaluate 24 + 0 + 0 + -1 + -1 + 0.
22
(-5 - (1 + -3)) + (-47 - -24) + -1
-27
2 - ((5 - 1) + 3 + 0 - -6)
-11
Evaluate 11 + (0 - -2) + (282 - 294).
1
(399 - 381) + (-5 - 0)
13
Evaluate 17 + -29 - 11 - -22.
-1
(21 - -1) + 377 + -381
18
Evaluate 11 - (7 - 35) - (-1 + 19).
21
What is 4 - (-6 + -14 + 22)?
2
What is the value of -4 + -13 - (8 + -10 + -4)?
-11
15 - (44 + 15 + (4 - 17))
-31
What is the value of -6 + 3 + 1 + 1?
-1
What is the value of -39 + 3 + 49 + -34?
-21
What is -7 + 1 + (35 - 18) + -3?
8
Calculate -6 - (13 - (41 + -26)).
-4
What is (9 - -1) + -21 + (12 - 0)?
1
What is the value of -18 + (4 - -10) - 12?
-16
What is the value of -12 - (-6 + -3) - 1 - (-4 + -2)?
2
What is the value of -3 + (-28 - -38) - 17?
-10
Evaluate (-1 - (5 + -2)) + (-12 - -27) + -8.
3
What is the value of -7 + (8 - (1 + 6)) + (7 - 8)?
-7
What is 6 - 5 - -4 - (-1 - -2)?
4
-33 + 33 + 18 - 34
-16
1 + 1 - -16 - (41 + -37)
14
Calculate -12 - (-26 + 17 + -3).
0
Evaluate -7 + (-2 + 7 + 1 - -8).
7
-11 + (2 - 1) + (2 - (7 + -10))
-5
Evaluate -7 - (-10 + -5 + 5) - 3.
0
Evaluate -34 - (17 + -32 - 32).
13
Evaluate -1 + -10 + (5 - (2 - -1)).
-9
(-3 - -16 - 27) + (-12 - -2)
-24
15 + (-50 - (-19 + -1))
-15
What is the value of -50 + 16 + 20 + 7?
-7
What is the value of -27 + 40 - (0 - 4) - (2 + -2)?
17
What is -6 - (15 - (-3 + -9 + 15))?
-18
Calculate 12 + -2 - (1 - (-7 - -1)).
3
Calculate (49 - (39 - -4)) + (-23 - -1).
-16
What is 8 - (14 - (16 + -9)) - 0?
1
What is 10 + 5 + -12 + 1 + -10?
-6
2 + (4 - (6 + -8 + 10))
-2
What is -2 + 16 - (-1 - (-7 - (-4 - -4)))?
8
Evaluate 13 + -20 - 19 - -6.
-20
What is 6 - (-24 - -17 - (-9 - -2) - -20)?
-14
What is 33 + 4 + -14 + -8?
15
Evaluate 0 + -35 - (12 - 19) - (-3 - 8).
-17
(-19 - (32 - 30)) + -3
-24
What is the value of 3 - 19 - (-7 + 10 + -11)?
-8
(-26 - (-23 - -27)) + 11
-19
What is the value of (1 - 7) + (7 - -1 - (-217 + 211))?
8
What is -4 - (-3 - (-6 + 5)) - -14?
12
Evaluate -1 + (4 - 9 - -4) + 19 + 0.
17
Calculate (48 - (-4 - -26)) + -14.
12
What is -2 + -1 + -3 + 0 + (59 - 59)?
-6
What is the value of -1 + (-16 - -7) + 8 + -11 - 2?
-15
-7 - ((-26 - -6) + 6)
7
What is the value of 13 - -2 - (-179 - -202)?
-8
Evaluate (-5 - (2 + -9 + 2)) + (-6 - -12).
6
(18 - 2 - 1) + -17 + 73 + -51
20
15 + -15 + 19 + -17
2
-3 + (-9 - (-26 + 6))
8
-1 - -2 - -9 - (23 + -16 + -13)
16
What is -4 - (-6 + -8) - 5 - (7 + -4)?
2
What is -3 + 3 - (-20 - -24 - (-10 + 0))?
-14
What is 8 + -3 - (-2 - (2 + -23 + 6))?
-8
What is the value of (-19 - -15 - 17) + -4?
-25
Evaluate 8 - (31 + (7 - 6) + -5).
-19
What is the value of (97 - 112) + 12 + 3?
0
(-5 + -2 - -18) + (-21 - -11)
1
What is 0 + -4 - (-35 - -23 - (-2 - 3))?
3
What is the value of -1889 + 1888 + (2 - (-2 - (0 + 37)))?
40
Evaluate (-1 + 7 - (22 - -6 - 14)) + -1.
-9
Evaluate -46 - (-19 + 27) - -40.
-14
-11 + (-22 - -6) - (-1 - -2)
-28
What is -21 + (23 - -10 - 11)?
1
What is (-25 - -50 - 27) + 7 + 2?
7
(-4 - (24 - (10 + 0))) + 5
-13
What is -121 + 106 - (-1 + -13)?
-1
Evaluate -2 + (-1 - (13 - 13)) - -7.
4
What is -18 + -8 + 15 + 22?
11
What is the value of (-14 - 2) + -1 + 12?
-5
Calculate -4 - (3 + -3 - 21 - (4 - 7)).
14
What is 10 - ((1 - -5) + -21 + 1)?
24
1 + (5 - (1 - (-1 + 4) - -14))
-6
What is -18 - -6 - (-22 - 3)?
13
16 + -35 + (-46 - -61)
-4
What is the value of 9 + (37 - 51) + -12 + -3?
-20
What is 2 + -11 - ((3 - -2) + -6 + 28)?
-36
933 + -941 - (-14 - 0)
6
What is -2 - 0 - (83 - 67)?
-18
Evaluate -3 + 6 + -10 - (0 - 1 - 6).
0
-12 + (-8 - 4) + -6 + 6
-24
Evaluate -10 + (1 - -2) - -8.
1
What is the value of 118 - 115 - (5 + -27)?
25
-22 + 1 + 2 - -6
-13
What is ((-8 - 11) + 3 - -2) + 4?
-10
What is the value of -7 + 0 + (0 - 2 - -7) + -3?
-5
Evaluate (-8 - -11) + -8 - 4.
-9
What is 2 - (2 - 0) - -1 - (4 - 15)?
12
Calculate 10 - (-77 + 40 - -77).
-30
Calculate 17 + -1 + (-283 - -273).
6
(-4 - (-17 + 21)) + (-5 - -1)
-12
Calculate 5 + -3 + -30 - -19.
-9
Calculate (0 - (-2 + 8 - (9 - -4))) + -4.
3
What is the value of -4 + -1 + -6 + -1 + -45 + 60?
3
Calculate 12 + (-5 + -5 + 15 - 7).
10
(0 + 5 - (3 + -4)) + 19 + -15
10
What is 6 + -3 + -3 + -6 + (15 - 0)?
9
-11 + 5 + -6 + (-4 - -2) + 3
-11
-9 + 0 - (-6 + -5 + 12 - -4)
-14
What is the value of -1 + 1 + -27 + 16 + 15?
4
Calculate -1 + (3 - -2) - (-5 + 2 + -2).
9
What is -4 + (19 - -5) + 9 + -14 + -1?
14
What is the value of 5 + -3 + -10 - -9 - 11?
-10
Evaluate -49 + (-30 - -28) - (-19 - -1).
-33
Evaluate (-7 + 3 - -10) + 1 + -2.
5
Evaluate (-15 - 0) + (59 - 57).
-13
What is the value of 51 - (9 - -36) - (-1 - 3)?
10
What is the value of (-15 - -14) + (-3 + 8 + 0 - 5)?
-1
What is (-3 - -3) + (1 - -10) + -1434 + 1439?
16
Evaluate 8 + -3 + (-14 - -13).
4
Calculate 21 + (-5 + -14 - 18).
-16
Evaluate (11 - 18) + -18 + 5.
-20
(-11 - -1) + 3 - (5 - 6)
-6
Evaluate 18 + -44 + 29 - 36.
-33
Calculate -8 - -1 - (33 + -18 - 12).
-10
What is the value of (-3 + 7 - 5) + -2 + (-8 - -10)?
-1
(-47 - -27) + 8 + (-1 - -20)
7
What is the value of 1 + 8 + -13 + -2 + 6?
0
Evaluate 38 + -24 + (-6 + -4 - 2).
2
Evaluate 22 - ((23 - 1 - 19) + (2 - -1)).
16
-6 - (6 + -2 + 8)
-18
What is 70 - 66 - (17 - -2) - -5?
-10
What is the value of (-6 + (5 + 4 - -4) - 0) + 6?
13
Evaluate 9 - (-5 + (-9 + 10 - (-10 + 3))).
6
What is the value of -8 - (-11 - (-6 + 3 + -4))?
-4
Evaluate 4 + (-21 - (17 - 28)) - (1 + -18).
11
What is 0 + -4 + 3 - (-12 - (-3 + -13))?
-5
Evaluate -28 + -13 + -21 + 24.
-38
Evaluate 6 - (-7 - (-15 - (0 + (19 - 9)))).
-12
Evaluate (2 - 5) + (43 - 7) + -12.
21
What is the value of 2 + (6 - 8) + 11 + -4 + -19?
-12
Evaluate 49 + -31 + (7 - 2) + 1 + -3.
21
Evaluate -11 + 11 + -6 + 14 + -4 + -12.
-8
Evaluate -7 - (1 - 15) - 0.
7
Evaluate 6 - 1 - (27 - 17) - -2.
-3
What is -20 - ((3 + 0 - -4) + -15)?
-12
What is the value of -3 - 5 - -9 - 12 - -3?
-8
Calculate -11 - (-18 - -6) - (3 + 0 - 15).
13
Calculate -7 + (1 + 0 - (-6 + -9)).
9
5 + 5 + -10 + -12
-12
Evaluate (-5 - (-5 - -15 - 2)) + -1.
-14
What is (2 - 2) + (-5 - -9) - (-18 - -21)?
1
What is the value of -5 + (54 + -8 - 14 - (-11 - 0))?
38
What is the value of -67 + (-34 - -59) + 50?
8
What is the value of -4 + -6 + 17 + -1 - -15 - 1?
20
Calculate -3 + ((-4 - 14) + 1 - -8).
-12
Calculate 17 - -1 - (82 + -90 + -5).
31
Evaluate (-70 - -28) + (25 - -26).
9
(4 - 1) + 3 + 8 + -6 + -44
-36
Evaluate 1 + 5 + -1 + 0 + -5 + -3.
-3
What is the value of 30 - (13 + 15 + 0)?
2
Calculate (-465 - -489) + -18 + 0.
6
What is the value of (-10 - -1) + 7 + (0 - (-1 + 5))?
-6
What is 2 + 18 + -4 - (202 - 193)?
7
-9 - -28 - 14 - (3 - 10)
12
What is -21 + (-28 + 16 - (-3 - 17))?
-13
(14 - 1) + 33 + -26 + -8 + -8
4
What is the value of 11 - (3 + 8 + 4)?
-4
-9 + (-2 - (-3 + 10) - -12)
-6
What is -3 + -22 + -102 + 122?
-5
1 + (-3 - (-6 - (3 + 4 + -17)))
-6
Evaluate 1 + -3 + (37 + -38 - 3).
-6
What is the value of 1 - (-1 - (3 + (-2 - (-2 + -3))))?
8
What is -7 - (-1 + (7 - (4 - -12)))?
3
((-46 - -32) + 6 + 1 - 1) + -2
-10
(7 - (5 - 4)) + -18
-12
What is 6 + 4 - (7 - (-46 + 20))?
-23
Calculate -1 + -14 + (30 + (-5 - 10) - 16).
-16
Calculate 11 - -19 - 10 - (-6 - -16).
10
Evaluate (12 - 27) + 2 + 24.
11
(-11 - (-15 - (13 + -26))) + -9
-18
What is the value of 13 - (15 + 15) - (-7 + 1 + -2)?
-9
What is 38 - ((9 - -1 - 9) + 0) - 8?
29
Calculate 15 + -7 + -2 - 12.
-6
What is -38 - -36 - (-4 - (1 + -2 - -29))?
30
Evaluate -3 + 3 + 10 - 3.
7
What is (3 - -6) + -14 + (-1 - 1)?
-7
Calculate -4 + 11 + -14 + -4 + -2.
-13
Calculate -23 + (0 - (2 + -4)) - (37 - 38).
-20
Calculate 27 + (16 + -39 + 9 - -1).
14
-11 + 15 + (16 - -1)
21
What is 3 - 2 - (131 - 113)?
-17
What is the value of 3 - ((-79 - -60) + (8 - -1))?
13
Calculate 67 + (3 - -9 - 52).
27
-30 - (-3 + 5 - ((3 - -7) + 1))
-21
-1 - -3 - (-777 - -763)
16
What is -23 + (1